285 is divided by -9 + (-95)/(-12 + 7)?
5
Suppose 360 = 3*d + 3*p, 4*p - 115 = -2*d + 125. Calculate the remainder when d is divided by 28.
8
Let a(x) = -89*x + 128. Calculate the remainder when 59 is divided by a(1).
20
Let b(x) = -x**3 - x**2 + 2 - 4*x**2 + 0 - x. What is the remainder when (2/(-6) + 1)/((-88)/(-3564)) is divided by b(-5)?
6
Let a(x) = 2*x**3 - 7*x**2 + 10*x + 8. Let u be a(5). Suppose 9*o - 2 = u. What is the remainder when 73 is divided by o?
13
Let j(n) = -n**2 - 7*n - 7. Let p be j(-5). Suppose 0*t = p*t + 3*h - 78, 2*h = -3*t + 73. What is the remainder when 40 is divided by t?
19
Let l(k) = 2*k - 20 + 2*k**2 + k**2 - 24 + 38. What is the remainder when 66 is divided by l(-4)?
32
Let r = 22 + -2. Suppose -2*z = -4*m + 3 + 3, 0 = 5*m - r. Let h = z + 8. Calculate the remainder when 36 is divided by h.
10
Suppose -3*a = -2*w - a - 12, -4 = 4*a. Let k(i) = 2*i**2 + 3*i - 10. Calculate the remainder when k(w) is divided by 17.
16
Let y(m) = -224*m**3 - m**2 - 6*m - 6. Calculate the remainder when y(-1) is divided by 28.
27
Let o(k) = 12*k**2 - 10*k - 13. What is the remainder when 183 is divided by o(-2)?
18
Let y(h) = -h**3 - 4*h**2 - 3*h - 3. Let b be (2/3)/((-6)/45). Calculate the remainder when y(b) is divided by 10*1*(13 + -11).
17
Suppose -4*c = -4*b + 56, 28 = b + 2*b + 4*c. Suppose 17 - 5 = 2*h. Suppose 0 = h*d - 0*d - 282. Calculate the remainder when d is divided by b.
11
Let b(r) = -r - 3. Let n be b(-3). Suppose n*v + 20 = 4*v. What is the remainder when 18 is divided by v?
3
Let q be (4/(-6))/((-3)/9). Suppose 0 = w - q*w + 12. Let d = 46 + 0. Calculate the remainder when d is divided by w.
10
Suppose 0 = s + o - 5, -s - 30 = -o - 35. What is the remainder when 10 - (2 + (-1 - 2)) is divided by s?
1
Let a = -439 - -453. Calculate the remainder when 250 is divided by a.
12
Let r = 4 - -42. What is the remainder when 825 is divided by r?
43
Let q(r) be the second derivative of r**5/10 + r**3/6 - r**2/2 - 5*r. What is the remainder when 33 is divided by q(2)?
16
Suppose 2*r + 7*t - 59 = 2*t, 2*t + 178 = 4*r. What is the remainder when 334 is divided by r?
40
Let i = 1187 + -1175. What is the remainder when 872 is divided by i?
8
Suppose u + 10*u = 319. What is the remainder when u is divided by 7?
1
Suppose -2*n = 292 - 378. What is the remainder when 429 is divided by n?
42
Suppose 0*q + 19 = 2*z + 5*q, z + 2*q - 8 = 0. Suppose 3*a - z*a - 85 = 0. Calculate the remainder when a is divided by 29.
27
Let t = 652 + -455. What is the remainder when t is divided by 20?
17
Suppose 6*w - 596 = -80. What is the remainder when w is divided by 30?
26
Let p(w) = -9*w + 6. Let d be p(6). Let z = 175 + -169. Let a = z - d. What is the remainder when a is divided by 14?
12
Let u(k) = k**3 - 7*k**2 + 9*k + 6. Calculate the remainder when u(7) is divided by 25.
19
Suppose -7*i + 188 = -6*i. What is the remainder when 30/20*i/3 is divided by ((-48)/(-14))/(1/7)?
22
Let g(s) = -s**2 - 5*s + 4. Let n be g(4). Let b = n + 69. What is the remainder when b is divided by 13?
11
Let h(t) = -t**3 - 6*t**2 + 5*t - 4. Let j be h(-7). Let x(r) = 3*r + 11. Let w be x(j). Let v = -30 + w. What is the remainder when 21 is divided by v?
10
What is the remainder when 111*(-2)/12*-2 is divided by 1?
0
Let x(z) = z**3 + 6*z**2 - z - 27. What is the remainder when 26 is divided by x(-5)?
2
Let a = 88 - 87. Let t(y) = 0*y**3 - 2*y**2 + 7*y**3 + 3*y**2 - y. Calculate the remainder when 18 is divided by t(a).
4
Suppose 10*f - 5*f - 160 = 0. Calculate the remainder when 100 is divided by f.
4
Let w(q) = 3*q - 6 + 0*q + q**2 - 3*q. Let l be w(-3). Let g = 5 - l. Calculate the remainder when 15 is divided by g.
1
Let s(u) = -14*u - 218. Calculate the remainder when s(-19) is divided by (-3 + 2)*(0 - 13).
9
Suppose -5*z = -5*x + 515, 205 = 2*x - z - 2*z. Let b be 4672/16*1/2. Let r = b + -119. Calculate the remainder when x is divided by r.
23
Suppose -8*b + 3*b = -170. Let l = -56 + 74. What is the remainder when b is divided by l?
16
Let l(f) = -2*f + 56. Calculate the remainder when 32/24*5/(10/48) is divided by l(23).
2
Let b be (-2)/(-4)*(12 - -2). Suppose -6*d = -b*d + 41. What is the remainder when d is divided by 15?
11
Suppose -3*p = 459 - 693. Calculate the remainder when p is divided by (-490)/(-18) - (-2)/(-9).
24
Let y = -30 + 134. Calculate the remainder when y is divided by ((-16)/32)/((1*-2)/60).
14
Let m = -22 - -11. Let i = 13 - m. Let l(c) = 2*c + 74. Calculate the remainder when l(-14) is divided by i.
22
Let m = 0 - -59. Suppose i = -f - f + m, -2*i - 2*f = -124. What is the remainder when i is divided by 17?
14
Let n(a) = -a + 38. Let u be n(11). Suppose -8*r + u = -5*r. What is the remainder when 2 + (0 + -4)*-8 is divided by r?
7
Suppose -4*t + 13 = h, -3*h = -5*t - 4 - 1. Suppose z + 2*v - 87 = 0, z + h*v = 2*z - 59. What is the remainder when z is divided by 20?
19
Let d = -2078 + 2118. What is the remainder when 161 is divided by d?
1
Let d(b) = -14*b**2 - 8*b - 3. Let r be d(-3). Let u = r + 119. Calculate the remainder when 68 is divided by u.
12
Let j(o) = o**3 + o**2 + o - 2648. Let y be j(0). Calculate the remainder when y/(-56) + (-4)/14 is divided by 12.
11
Calculate the remainder when 148 is divided by ((-5)/(-20))/((-4)/(-1056)).
16
Suppose 3*i = 5*i - 20. Suppose -9*j - i = -11*j. What is the remainder when 13 is divided by j?
3
Let g be -5*((-12)/10)/6. Let s be (-15)/(-10)*(-21 + g). Let x = s - -57. Calculate the remainder when x is divided by 10.
7
Let o be 1/(-5) + 13/65. Suppose o = 3*h - 259 + 7. Calculate the remainder when h is divided by 29.
26
Let g = 25 - -4. Suppose g = 2*t - i, -4*i - 9 = 11. What is the remainder when (-476)/(-10) + (-33)/55 is divided by t?
11
Suppose -6*g - 5 = -g. Let d(w) = 3*w**2 - w. Calculate the remainder when 10 is divided by d(g).
2
Let w = -13 - -22. Let l be 1175/125 + (-2 - (-8)/5). Suppose 34 = 26*r - l*r. Calculate the remainder when w is divided by r.
1
Let h(t) = -2*t**3 + 107*t**2 - 34*t + 124. What is the remainder when h(53) is divided by 21?
18
Let s = 5 - 2. Let x(j) = 9*j**2 - j**3 - j**3 - j**s + 10*j + 2 + 4*j**3. What is the remainder when x(-7) is divided by 8?
6
Calculate the remainder when 392/(-3 - -7) - 5 is divided by 49.
44
Suppose 0 = l + 3*l - 5*p + 389, -l + 5*p = 86. Suppose -105 = -5*o - 395. Let m = o - l. Calculate the remainder when m is divided by 15.
13
Suppose -92*r + 66*r + 1352 = 0. What is the remainder when 726 is divided by r?
50
Calculate the remainder when ((-40)/(-12))/5 + 798/18 is divided by 8.
5
Suppose -v - 8 = -41. Calculate the remainder when v is divided by (-170)/(-14) - ((-88)/(-28) + -3).
9
Let c be (-2)/6 + (-24)/(-18). Let p(w) = 19*w**3 - 2*w**2 + 1. Calculate the remainder when 49 is divided by p(c).
13
Let i be (-5 - -4) + 105 - 4. Let m = -159 + i. Let v = m - -132. Calculate the remainder when v is divided by 19.
16
Suppose -108 = -4*z - 12. Calculate the remainder when 32 is divided by z.
8
Let z(v) = v**3 + 9*v**2 + 7*v - 10. Let y = 7 - 5. Suppose w - 5*c = -7 + 1, 3*c + 16 = y*w. Calculate the remainder when z(-7) is divided by w.
11
Suppose 0 = i + 164 - 580. Calculate the remainder when i is divided by 107.
95
Let x(m) = -m**2 - 16*m + 9. What is the remainder when 56 is divided by x(-14)?
19
Suppose 15*n + 359 = 899. What is the remainder when 251 is divided by n?
35
Suppose -360*f = -354*f - 24. Suppose 0 = -2*c - 5*q + 48, -3*q + 12 = -4*c + 56. Calculate the remainder when c is divided by f.
2
Let l(a) = -16*a + 139. What is the remainder when l(-22) is divided by 41?
40
Let r(t) = -t**2 - 11*t - 11. Let j be r(-8). Let c = 19 + j. Let v = 52 + -35. Calculate the remainder when c is divided by v.
15
Suppose 0 = -109*k + 89*k + 320. What is the remainder when 748 is divided by k?
12
Let v(m) = -m**3 - 13*m**2 + m + 18. Let z be v(-13). Suppose 40 + 5 = z*t. What is the remainder when (-9)/6*(-32)/3 is divided by t?
7
Let p = -41 + 57. Let y(q) = -q**3 + 7*q**2 + 4*q + 3. Let m be 4 + 0 + 3 - 0. What is the remainder when y(m) is divided by p?
15
Suppose -5*v + 287 = -4*l, 3*l + 2*l + 15 = 0. Suppose -2*i = -10, -4*r - 2*i + 39 = i. Calculate the remainder when 10/v - 590/(-22) is divided by r.
3
Let c be 2